ulate c(z).
3
Let i be 0/(1 - -2) - 6. Let v(c) = 7*c**3 + 7*c**2 + 5*c - 4. Let r(g) = 8*g**3 + 7*g**2 + 5*g - 5. Let h(w) = 6*r(w) - 7*v(w). Give h(i).
-8
Let z(q) = q + 3*q - 3*q - 1. Suppose 0 = 4*g + 5*f - 33, f + 3 = 5*g - g. Give z(g).
1
Let h(r) = 7*r**3 + 15*r**2 - 5*r - 3. Let q(b) = -3*b**3 - 7*b**2 + 2*b + 1. Let n(f) = -4*h(f) - 9*q(f). Determine n(4).
-5
Let j be 8 + -2 - (3 - 1). Suppose -s + 2*c - j = 0, 0 = -2*s - 0*s + 2*c. Let t(d) = 0 + 1 + 0*d**3 - 4*d**2 + d**3. Calculate t(s).
1
Let c = -6 + 4. Let d(k) be the second derivative of k**5/60 - k**4/24 - k**3/3 + 2*k**2 + 4*k. Let s(z) be the first derivative of d(z). Give s(c).
4
Suppose 27 = 3*n - 3*u, 5*n - 33 = 5*u - 3*u. Let p(a) = 5 + 4*a**2 + 5*a**3 - 2*a**3 + 3*a - 4*a**3. Determine p(n).
-5
Let c(x) be the second derivative of -2*x**5/5 - x**4/12 - x**3/6 + 3*x. Let s be (-2)/(-7) + 63/(-49). Give c(s).
8
Let o(a) = 4*a**2 + 11*a + 6. Let s(h) = -3*h**2 - 10*h - 5. Let v(u) = 4*o(u) + 5*s(u). Suppose -28 = 14*m - 18*m. Give v(m).
6
Let v(s) = s**2 - 5*s + 6. Suppose 2*w = 5*j - 23, 0*w + 6 = 2*j - 4*w. Calculate v(j).
6
Let a(j) = -j**2 - 4*j + 3. Let d be (-2)/(0 + 2/(-4)). Let n be (2/(-3))/(12/(-90)). Suppose -n*z - 21 = d*u, 3*z = -u - 3*u - 19. What is a(u)?
3
Let r(q) = 34*q - 2*q**2 + 1 + q**2 - 2 - 35*q - 8*q**3. Determine r(-1).
7
Let y(k) = 2 - 20*k - 14*k + 35*k. Determine y(5).
7
Let v(q) = -6*q**3 + 2*q - 1. Let u be v(1). Let n(d) = -d**3 - 7*d**2 - 7*d + 1. Determine n(u).
-14
Let k(u) = u**3 + 5*u**2 - 2. Let f = 2 - 6. Determine k(f).
14
Let o(c) = -4 - c**2 + 6 + 25*c - 24*c. What is o(0)?
2
Let r = 12 + -7. Let n = r + -2. Let b(d) = 4*d - 3. Determine b(n).
9
Let b(v) = v**2 - 62 + 25 + 21*v**3 + 18 + v + 20. Give b(-1).
-20
Suppose 5*r - 37 = -2*g, -5*r + 60 = -2*g + 7. Let h(s) = -s**2 + 9*s - 9. Determine h(r).
-9
Let h = 15 - 15. Suppose 4*m - b = -4, h*m = 3*m + 4*b - 16. Let r(q) = q**2 + 2. Calculate r(m).
2
Let j(t) be the first derivative of -t**3/3 - 7*t**2/2 - t - 39. Give j(-8).
-9
Suppose -6*k = -3*k - 15. Let g(d) = d - k*d + 7 - 6 + 2*d. Determine g(-2).
5
Suppose -x + 2*x = -j, 3*j = x. Let k(z) be the third derivative of 1/6*z**3 + 0*z - 1/24*z**4 + z**2 + x. Calculate k(-5).
6
Let o(w) = 2*w + 2. Let l be (-25)/6 - (-6)/36. Calculate o(l).
-6
Let k(n) = -3*n + 1. Let m be 4/(-22) - 39/(-33). Let a = -5 - -8. Let z be m/a*(-1 + -2). Give k(z).
4
Let r(a) = -3*a - 10. Let c be r(-8). Suppose 6*t - 4*t = 4*i - c, -23 = 2*i + 5*t. Let d(j) = -6*j**2 + 2 + 0 - i. Calculate d(-1).
-5
Let t(g) be the second derivative of -g**3/6 - 5*g**2/2 - g. Let a(v) = -v - 18. Let i be a(-13). Determine t(i).
0
Let v(f) = -2*f**3 - 7*f**2 - f - 13. Let o be v(-4). Let q(l) be the second derivative of l**3/3 - 9*l**2/2 + l. Give q(o).
5
Let b(v) = -7*v + 1. Suppose 5*y - 3*r = -39, 0 = -3*r + 4 + 5. Let s be (-33)/(-5) - 4/(-10). Let h = s + y. What is b(h)?
-6
Let c(u) be the second derivative of -1/12*u**4 + 0 - u - 5*u**2 + 3/2*u**3. What is c(7)?
4
Let g be (3 + -3)/(0 + 1 - 3). Let i(c) = -c**3 - 3*c**2 + c + 3. Let w(b) = -b**3 - 4*b**2 + 2*b + 3. Let h(f) = 3*i(f) - 2*w(f). Determine h(g).
3
Let u(q) = q**2 - 2*q - q - 4*q - 5 + 13. Let a be u(6). Let x(s) be the third derivative of -s**6/120 + s**5/12 - s**4/6 + s**3/3 - 6*s**2. Give x(a).
6
Let p be (11/(-33))/(2/(-54)). Let l(i) = -p - i + 0*i + 10. Calculate l(1).
0
Let s be ((-96)/(-56))/((-2)/(-7)). Let w(g) = 6*g**2 - 1 - 5*g + 0*g + 0 + s*g. Suppose -i = 1 - 2. Determine w(i).
6
Let b be 6 - (1 - (-5 - -3)). Suppose 16 + 1 = b*n + 4*s, -5*n = 2*s - 19. Let h(r) = -5*r**2 + 3*r + r**2 + 3 + 3*r**2. Determine h(n).
3
Let f be -1 + 3 + 1 - -1. Let k(u) = u**2 - 3*u - 1. Give k(f).
3
Suppose 0 = -4*s + 13 - 5. Let x(n) = 11*n**3 + 8*n**2 + 14*n - 11. Let m(h) = -7*h**3 - 5*h**2 - 9*h + 7. Let c(y) = -8*m(y) - 5*x(y). Give c(s).
11
Let k be -2 - (-3 + -4 + 2). Let i(c) = -2*c**2 + 3 - 3*c - 2*c**2 + k*c**2. Determine i(-5).
-7
Let x(l) = l - 8. Let g be x(8). Let b(j) = j**3 + j - 1. Determine b(g).
-1
Let h(j) = -j**2 - 3 + 1 + 2*j**3 + 0 - j**3. Suppose 0*y = -3*y + 9. Suppose 3*z + 1 = 2*t + 2*z, 2*t + 3*z + y = 0. Give h(t).
-2
Let q(m) = 5*m**3 + 4*m**2 + 5*m - 8. Let y(g) = -4*g**3 - 3*g**2 - 4*g + 7. Let d(n) = 5*q(n) + 6*y(n). Determine d(-2).
0
Let r be ((-3)/3)/(1/7). Let f = -6 - r. Let z be (2/(-6) + f)*6. Let o(a) = -a**2 + 6*a - 3. Give o(z).
5
Suppose 2*n - 3 = -4*d - 15, -3*d + n - 4 = 0. Let i(u) = 3*u - 2. What is i(d)?
-8
Let s(g) = 0*g + 3*g - g. Let n = -346 - -350. What is s(n)?
8
Let w(p) = p**2 - 9*p + 6. Let d be w(9). Let c(h) = -h**3 + 7*h**2 - 5*h + 2. Determine c(d).
8
Let b(r) be the third derivative of r**6/120 + r**5/15 - 5*r**4/24 + 6*r**2. Calculate b(-5).
0
Let r(w) = w**3 + 4*w**2 - w + 1. Let q = 18 - 10. Suppose 5*a - 60 = -5*o, -3*a - 4*o + q = -32. Let m = 4 - a. Determine r(m).
5
Let r(w) = 4*w - 3. Let d(b) = -b. Let f(o) = -3*d(o) - r(o). Let p(y) = -y + 6. Let q be p(3). Suppose -t = -q*l - 2*t + 9, -27 = -3*l + 5*t. Give f(l).
-1
Suppose 5*y - 24 = -2*h, -y = h - 0*h - 6. Let l(w) be the first derivative of w - 2 - 1/2*w**h + 4/3*w**3. What is l(1)?
4
Let c(a) = -2*a + 5. Let n(f) = 0*f + 0*f + 5*f + 2*f**2 + 2. Let r be n(-3). Determine c(r).
-5
Let p be (2 - 3 - -2) + -2. Let l(x) = -x - 1. Let n(q) = -q**3 + 4*q**2 - 5*q. Let f(y) = p*n(y) + 2*l(y). What is f(3)?
-2
Let u(w) = -3*w + 9. Let i(p) = -p + 1. Let t(j) = -5*i(j) + u(j). Let s(q) = -q - 2. Let o(x) = 7*s(x) + 3*t(x). Suppose -2*d + 3*d = 0. Give o(d).
-2
Let l(i) = -i**3 + 4*i**2 + 6*i + 3. Let x be l(5). Suppose -2*u + 6*u = x. Let m(q) = 4 - u - q + 2*q. Determine m(-4).
-2
Let h(a) = -1. Let l(u) = -4*u. Let c(s) = -h(s) + l(s). Determine c(-1).
5
Let p = 3 - -1. Let l(k) be the second derivative of 0 - 2*k + 1/3*k**3 - 1/2*k**2 - 1/3*k**p. Determine l(1).
-3
Let w be -1 - -6 - (2 + -3). Let o(z) = -3 - 3 + w + z - 2. What is o(1)?
-1
Let a(d) = -5*d**2 - d. Let i(w) = -w**2. Let c(s) = -a(s) - 4*i(s). What is c(-1)?
8
Let n(h) = h**2 + 2*h - 1. Let b(v) be the third derivative of -v**6/120 - v**5/10 + 5*v**3/6 + v**2. Let c be b(-6). Suppose 3 = -c*l - 7. Determine n(l).
-1
Let x(t) = -4976 + 4976 + 3*t. What is x(2)?
6
Let n(q) = 2*q + 4. Suppose -15 = -2*o - 3*o. Determine n(o).
10
Suppose -3*j - c = 3*c + 28, -5*j - 12 = -2*c. Let q be 2*(-1)/j*8. Let n(k) = k + 1. Let p(t) = -3*t - 9. Let h(l) = -5*n(l) - p(l). Calculate h(q).
-4
Suppose -2 - 4 = -2*q. Suppose 4*r + 9 = -g - q, 2*r + 4*g = -20. Let i(h) be the third derivative of h**4/24 - h**3/6 - h**2. Calculate i(r).
-3
Let y(v) = -v**2 - v. Let o be (5 - 4)*-1 + 1. Give y(o).
0
Let t(s) = -4*s**3 + 7*s**2 + 2*s - 3. Let h(i) = 3*i**3 - 6*i**2 - i + 3. Let f(m) = 5*h(m) + 4*t(m). What is f(-3)?
3
Let w(x) be the third derivative of -1/120*x**6 - x**2 - 1/8*x**4 - 1/30*x**5 + 0 - 1/3*x**3 + 0*x. Let u = 5 + -7. Give w(u).
4
Let v(j) = j - 9. Suppose 0 = -3*i - 4*n + 20, 0 = -6*i + 5*i + 3*n - 2. What is v(i)?
-5
Let s = 4 + -1. Suppose -y = s*y + 12. Let p(v) = 3*v + 2. Determine p(y).
-7
Let v(j) = -j + 8. Let a be v(8). Let o(s) = -7 - 9*s + s**2 + a + 16*s. Calculate o(-6).
-13
Let z(c) be the second derivative of -1/2*c**3 + 2*c - c**2 + 0. Calculate z(3).
-11
Suppose -4*v + 18 = 2*i - 3*i, 0 = -v - i + 2. Suppose 0*j = j + v. Let w(o) = -o**3 - 3*o**2 + 3*o. What is w(j)?
4
Let v be 3/(-9) + (-51)/9. Let y = v - -4. Let u = 2 + y. Let s(i) = i - 3. What is s(u)?
-3
Let a(p) be the second derivative of -1/3*p**3 + 4*p - 1/20*p**5 + 0 - 1/6*p**4 - 1/2*p**2. What is a(-2)?
3
Let o(x) = -3*x + 2 + 0*x - 2*x + x**2. Let n be o(4). Let l(j) = 1 + 2*j**2 - 46*j + 46*j - 2. Give l(n).
7
Let a(v) be the second derivative of -v**8/6720 + v**7/840 + v**6/240 + v**4/4 + 6*v. Let m(i) be the third derivative of a(i). Determine m(-2).
14
Let b(o) = 4*o**2 + 3*o + 3. Let z(m) = 3*m**2 + 3*m + 3. Let j(u) = 4*b(u) - 5*z(u). Give j(3).
-3
Let a be (-13)/26 - (-3)/2. Let n(c) = 15*c**2 + 1. What is n(a)?
16
Let d(y) = y + 0*y**2 - y**3 + 2*y**2 + 0*y**2 - 3. Suppose s - 5*b = 3, -s - 2*b + 3 = -4*b. Calculate d(s).
-9
Let x(b) be the third derivative of -b**4/24 + b**3/6 - 36*b**2. Suppose 3*w + w = -4*p + 16, 16 = 3*p - w. Calcu